*2 - 12*g + 6. Let h be l(-6). Suppose -32 = -h*k + 4. What is the tens digit of k/8 - 68/(-32)*34?
7
Suppose -11354 - 3808 = -42*l. Let c = 48 + l. What is the hundreds digit of c?
4
Suppose -5*w - q = -0*q - 12, 4 = 2*q. Suppose -d + 3*k + 350 = 0, w*k + 1385 = 4*d + 5*k. What is the units digit of d?
7
Suppose -8*d + 9737 = -3791. What is the hundreds digit of d?
6
Let g be 2/(3/12*2). Suppose g*s = 4 + 8. What is the tens digit of (1 - 1) + 61 - (s + -6)?
6
Let a(i) = -i**3 - 21*i**2 - 21*i - 17. Let x be a(-20). Suppose -5*c = 2*y + 4 - 5, 9 = x*y + 5*c. Let r(s) = s**2 + 6*s - 13. What is the units digit of r(y)?
9
Let w = -8429 + 12064. What is the tens digit of w?
3
What is the hundreds digit of -13 - (-18 + 12) - 30784/(-2)?
3
Let q(a) = 71*a**3 - a**2 + 12*a - 21. Suppose 22 = -15*r + 26*r. What is the tens digit of q(r)?
6
Suppose 0 = -17*l - 56*l + 720543 + 1836136. What is the units digit of l?
3
Let g(o) = o**3 - 9*o**2 + 9*o + 40. Let k be g(7). Suppose -379 = -4*h - f + 1300, 2*h - k*f - 867 = 0. What is the tens digit of h?
2
Let y = -3581 + 8791. What is the hundreds digit of y?
2
Suppose 28507 = -19*l + 131962. What is the units digit of l?
5
What is the hundreds digit of ((-83250)/(-25))/((-18)/(-12))?
2
Let l be 44/6 + (-1)/3. Suppose -4 + 11 = -l*h. Let f(z) = 47*z**2 + 2*z + 2. What is the tens digit of f(h)?
4
Let s(r) = -2*r**3 - 8*r**2 - 3*r + 4. Suppose -13 = 3*d + 2*l, -8 + 25 = -3*d - 4*l. Let p be s(d). What is the units digit of 177 + (p - 0/5)?
2
Let t = 76 - 78. Let g be (13 - 12)*(2 + t)/(-2). Suppose g = -4*h + 272 - 36. What is the tens digit of h?
5
Let p = -273 - -275. Suppose -l = 4*c - 1065, 7*c - p*c + 4*l - 1334 = 0. What is the hundreds digit of c?
2
Let n be (-1)/2 - (-346588)/88. Suppose -22*j + n = -15048. What is the tens digit of j?
6
Suppose -23262 = -3*p - 5*w, -3*p + 23262 = 410*w - 413*w. What is the thousands digit of p?
7
Let p(a) = 2*a**2 + 14*a. Let h be p(-7). Let r(m) = m**3 - 12. Let z be r(h). What is the units digit of ((-63)/(-5))/(z/(-40))?
2
Let u(p) = 6*p + 27. Let l be u(-5). What is the tens digit of (-21966)/(-147) - (24/14)/l?
5
What is the units digit of (-94 - -15)/(1/(-14)*2)?
3
Suppose -11 = -8*d + 69. Suppose -9 = -3*b - 2*m, 2*b = m + 3*m - d. What is the hundreds digit of (110/30)/(b/36)?
1
What is the ten thousands digit of (2 + (-62546)/(-6))/(1165/3495)?
3
What is the ten thousands digit of (21*314)/(-18 - 1898/(-104))?
2
Suppose -47*y + 1090470 = 98*y + 18*y. What is the hundreds digit of y?
6
Suppose 0 = 2*h, 3*k = -4*h + h - 279. Let z be 1932/207*(1 - 22/4). Let r = z - k. What is the tens digit of r?
5
Let t = -5279 - -10077. What is the thousands digit of t?
4
What is the tens digit of (12/(-9)*3/(-14))/(249/10857147)?
5
Suppose 387*t = 335*t + 2220920. What is the hundreds digit of t?
7
What is the units digit of (28 + 2529)/(7 + -6)?
7
Let y(f) = -57*f + 2. Let j(s) be the second derivative of 113*s**3/6 - 5*s**2/2 + 15*s. Let v(p) = 3*j(p) + 7*y(p). What is the units digit of v(-1)?
9
What is the hundreds digit of -1*117368/(10 - 14) - -7?
3
Suppose -9 = 17*w - 264. Suppose 2019 = 4*c - 3*q, 12*q - 3 = w*q. What is the tens digit of c?
0
Let v be (-90320)/(-48) - 14/(-6). Suppose 0 = -2*q - g + 4*g + v, 3768 = 4*q - g. What is the units digit of q?
2
Let f be ((-14)/42)/((-5)/(-405)). Let d be ((80 + 1)/3)/1. Let b = d - f. What is the tens digit of b?
5
Let g be 1 - 1 - (-4 - 4)*1. Suppose -67 = g*j - 331. What is the tens digit of j?
3
Let i(f) = 9*f**3 - 14*f**2 + 14*f - 66. Let g(r) = -7*r**3 + 13*r**2 - 14*r + 65. Let b(z) = 4*g(z) + 3*i(z). What is the units digit of b(9)?
7
Let v = -482 - -6439. What is the hundreds digit of v?
9
Suppose 0 = -16*q + 44*q - 247135 - 17997. What is the thousands digit of q?
9
Let y = 2228 + 3586. What is the thousands digit of y?
5
Let o(t) = -t**3 - 12*t**2 - 9*t + 22. Let f be o(-11). Suppose f = -r - 4*r + 1655. What is the units digit of r?
1
Let s = -206 + 234. Suppose -q + s = 2. What is the units digit of q?
6
Suppose 0 = 34*u + 16090 - 136756. What is the thousands digit of u?
3
Suppose -5*n + 5*i = 10, -4*n + 0*i - 6 = -2*i. What is the tens digit of (-60)/75 + n + 4058/10?
0
Suppose 418715 + 17791 = 7*a. What is the ten thousands digit of a?
6
Let h = -120 - -231. Suppose -5*a - h + 526 = 0. Suppose -2*x + 3*x - n = a, 4*x + 2*n = 362. What is the tens digit of x?
8
Let y = 34 + -31. Suppose -4*w + 3*r + 2421 = 0, w - 786 = y*r - 192. What is the hundreds digit of w?
6
Suppose -46*x + 42*x + 8 = 0. Suppose 2*v - 4*m - 582 = 0, x*v - 5*m - 504 = 82. What is the tens digit of v?
8
Suppose 6896 = -1543*u + 1551*u. What is the units digit of u?
2
Let p(u) = u**2 - 10*u + 5. Let q be p(10). Suppose 4*h - 245 = 5*b, -q*h = -3*h + 3*b - 117. Suppose 0*c - h = -2*c. What is the units digit of c?
0
Suppose -5*s - 7*f = -2*f - 10210, 4088 = 2*s + 4*f. Suppose -s = -6*u - 192. What is the hundreds digit of u?
3
Let b(s) = 44 + 6*s - 55 - s - 3*s + 7*s. Suppose 17 = 2*h - h. What is the tens digit of b(h)?
4
Suppose 39*v - 37*v - 5*m - 20740 = 0, m = -3*v + 31059. What is the ten thousands digit of v?
1
Let r = 25286 + -15033. What is the ten thousands digit of r?
1
Let o = 4750 - -6647. What is the units digit of o?
7
Suppose -9*f + 4*f = -4*i - 36, -i - 8 = -f. Suppose 3*o - r = -3*r + 2, 12 = -2*o - f*r. Suppose -3 = -4*j + 17, o*j - 532 = -4*z. What is the tens digit of z?
2
Let h = -40 + -4967. What is the units digit of h/(-15) - (-2)/10?
4
What is the hundreds digit of 9010 + (-12)/4 + (-8 - -2)?
0
Let p(u) = u**3 + 28*u**2 - 64*u - 93. What is the hundreds digit of p(-23)?
0
Let o be -5*2/(2 + (-4)/3). Let n be (6/o)/((-1)/5). Suppose n = 2*l + 10, -3*r - 3*l = -249. What is the units digit of r?
7
Let c = -36 - -39. Let d(g) = 18*g**3 - 5*g**2 - 8. What is the hundreds digit of d(c)?
4
What is the ten thousands digit of (-1)/(-38*(-518)/(-26243) - (-6)/8)?
1
Let p(w) = 153*w**3 + 2*w**2 - 5*w + 2. Let a(v) = v**3 + v**2 - v. Let h(t) = -3*a(t) + p(t). What is the hundreds digit of h(2)?
1
Let v(h) = 170*h - 152. Let k be 84/49*(-4)/((-8)/7). What is the hundreds digit of v(k)?
8
Let o(r) be the first derivative of 11 - 8/3*r**3 + 2*r + 1/2*r**4 + 3*r**2. What is the tens digit of o(5)?
8
Let c = 2 - 0. Suppose c*n = 4*a - 3*a - 100, 5*a = n + 482. Let j = a + 88. What is the units digit of j?
4
Let g be (-2 + 0)*13/(-13). Suppose 2*u - 8 = -2*y, -g*u - u = 2*y - 12. Suppose u*p + 5*c = 152, -3*p + 6*p - 3*c - 141 = 0. What is the units digit of p?
3
Let w(f) = -88*f**3 - 2*f**2 + 2*f + 16. What is the thousands digit of w(-6)?
8
Let w(c) = c + 202*c**2 - 8 - 10*c + 2*c + 2*c + 15*c. What is the thousands digit of w(-3)?
1
Let z(c) = 9463*c**2 + 944*c + 1892. What is the tens digit of z(-2)?
5
Let t be ((70/(-25))/(-7))/(2/520). Suppose -2*s = -k + t, -593 = -5*k - 3*s - 99. Suppose 82*a = 83*a - k. What is the tens digit of a?
0
Suppose 0 = -23*p - p + 72. What is the units digit of p/5 + -21*1/(-15)?
2
Let k = -104099 + 152857. What is the tens digit of k?
5
Suppose -s - 3*s + 172 = 3*l, 0 = 3*l - s - 197. Suppose -l*i = -60*i - 8. Suppose 4*w + 434 = 2*j, i*j + 3*w - 406 = -0*j. What is the tens digit of j?
0
Suppose -3*h = d - 14431, -d - 3165 = -4*h + 16067. Suppose -15*s + h = -5226. What is the hundreds digit of s?
6
Let j = -4506 + 5082. What is the tens digit of j?
7
Let h(d) = -d**3 - 30*d**2 + 31*d + 3. Let w be h(-31). Suppose 2*t - 352 = 2*i - 88, -t = -w*i - 122. What is the tens digit of t?
3
Let d(p) = -p**3 + 11*p**2 + 8*p + 33. Let k be d(10). Let h = k + -128. What is the units digit of h?
5
Let b(l) = l**2 - 3*l - 10. Let a be 0 - 9/3 - -15. What is the tens digit of b(a)?
9
Suppose 11 - 1491 = -2*q - 2*l, 4*q - 2950 = l. Suppose 5*f - c - q = c, 4 = -c. What is the hundreds digit of f?
1
Suppose -31*r = 2*z - 32*r - 15126, 3*z - r - 22692 = 0. What is the tens digit of z?
6
Suppose 44*h + 3*h = 335298. What is the tens digit of h?
3
Let a(l) = 107*l - 2*l**2 - 98*l + 4*l**2 + 22. What is the hundreds digit of a(13)?
4
Suppose 0 = -179*h + 3721872 - 523858. What is the tens digit of h?
6
What is the tens digit of (-4)/(-18)*-1 + 4 + (-392700)/(-54)?
7
What is the units digit of (547 + 41)